3411422601 a prime number?
False
Is 75349597 a prime number?
False
Is 1459837723 a prime number?
True
Is 2557028311 prime?
True
Is 9318159023 a prime number?
True
Is 44812217 a composite number?
True
Is 19623002314 a composite number?
True
Is 128500663 composite?
True
Is 869106913 a composite number?
True
Is 4650360123 a prime number?
False
Is 65026097 a composite number?
False
Is 60333879 a prime number?
False
Is 142698065437 a prime number?
False
Is 607614151 a prime number?
True
Is 2285541383 a composite number?
True
Is 3044762243 prime?
True
Is 23643125357 composite?
False
Is 12110650973 composite?
False
Is 4600364473 prime?
True
Is 7903405691 a composite number?
True
Is 356034557 a prime number?
True
Is 416741591 composite?
True
Is 60525175787 composite?
False
Is 3085098953 a composite number?
True
Is 1248110951 composite?
False
Is 102152659901 a composite number?
True
Is 60679680239 prime?
False
Is 193024689581 composite?
True
Is 7009381133 a prime number?
False
Is 157638295 a prime number?
False
Is 963524729 composite?
False
Is 1962738979 prime?
True
Is 446302361 prime?
True
Is 307516739 a prime number?
False
Is 47722117 prime?
False
Is 700310543 prime?
True
Is 44406563 a composite number?
True
Is 384565171 a composite number?
False
Is 1442447833 composite?
True
Is 648177643 a composite number?
True
Is 183999017 a composite number?
False
Is 6871197779 a composite number?
False
Is 115804693 a composite number?
True
Is 1537058357 a composite number?
False
Is 2881450003 prime?
False
Is 1415468681 prime?
False
Is 14954273963 prime?
True
Is 7185084649 prime?
False
Is 1375318769 a composite number?
True
Is 7069524235 a prime number?
False
Is 2920709083 prime?
True
Is 2259391565 prime?
False
Is 9422569883 a prime number?
False
Is 9332570729 a prime number?
False
Is 15232882039 prime?
False
Is 6591729301 prime?
True
Is 2315031221 composite?
False
Is 11049090293 a prime number?
False
Is 113919409139 a prime number?
True
Is 41563182449 a composite number?
True
Is 397117571 a composite number?
False
Is 327901157 prime?
True
Is 65480349119 prime?
True
Is 3729162467 composite?
False
Is 1010038129 prime?
False
Is 34063481047 composite?
False
Is 2382862127 a prime number?
False
Is 5447180213 prime?
True
Is 31013330269 a composite number?
False
Is 1672855682 prime?
False
Is 2574754981 a composite number?
False
Is 703685267 a prime number?
False
Is 21070572217 prime?
False
Is 254181653 prime?
False
Is 330984209 a prime number?
True
Is 2664435883 a prime number?
False
Is 27881351 prime?
True
Is 25188092157 a prime number?
False
Is 12637702003 a composite number?
False
Is 15905107 a composite number?
False
Is 16454454959 composite?
False
Is 630539183 prime?
True
Is 2144874247 a prime number?
False
Is 32189291159 prime?
True
Is 3435517733 a composite number?
False
Is 9259801 a prime number?
True
Is 134296173227 prime?
False
Is 96960377 a composite number?
False
Is 80078210963 prime?
True
Is 615058289 composite?
True
Is 1761160729 a composite number?
False
Is 13500183949 composite?
True
Is 191288173 composite?
False
Is 173739311 composite?
False
Is 366186029 composite?
True
Is 15361245091 a composite number?
False
Is 8867026709 a composite number?
False
Is 418868123 composite?
False
Is 14591738317 a composite number?
True
Is 1998032167 composite?
True
Is 12874155649 a composite number?
False
Is 5892947591 a composite number?
True
Is 167426981 prime?
False
Is 8827177809 a composite number?
True
Is 111845142023 composite?
False
Is 446587651 a composite number?
False
Is 350128687 prime?
False
Is 15335597287 a prime number?
True
Is 966322037 prime?
False
Is 3904393007 composite?
True
Is 77612013113 a composite number?
True
Is 99294258545 composite?
True
Is 96975622091 a composite number?
False
Is 3198474151 composite?
False
Is 336514294 prime?
False
Is 2774402983 a composite number?
True
Is 52296169929 prime?
False
Is 2434317359 prime?
False
Is 8957112517 prime?
False
Is 324054319 prime?
True
Is 244357679 a composite number?
False
Is 545060687 prime?
True
Is 8680478951 composite?
False
Is 44275671035 composite?
True
Is 5669896303 prime?
True
Is 73347059 a composite number?
False
Is 266429297 composite?
False
Is 3998927719 a prime number?
True
Is 43023218971 a composite number?
True
Is 26712130673 a composite number?
True
Is 22504005013 a prime number?
False
Is 450516251 prime?
False
Is 343146383 composite?
True
Is 1038473141 a prime number?
True
Is 738595829 composite?
True
Is 2218563959 a prime number?
False
Is 78284009677 a composite number?
False
Is 3999962579 prime?
True
Is 1081402123 prime?
False
Is 73383025907 a prime number?
True
Is 7528787881 a prime number?
True
Is 300524038267 composite?
False
Is 6071125987 composite?
False
Is 4227216883 prime?
False
Is 2060025427 a composite number?
False
Is 170769879443 a composite number?
True
Is 2197763143 a prime number?
True
Is 2635187435 composite?
True
Is 33268588399 a prime number?
True
Is 44907838897 composite?
False
Is 53134010399 a composite number?
False
Is 4518863137 prime?
False
Is 795082007 a prime number?
True
Is 7663664429 a composite number?
False
Is 1095643553 a composite number?
True
Is 21754831061 a composite number?
True
Is 4841185879 composite?
True
Is 97341809569 a prime number?
True
Is 4790849737 composite?
True
Is 36255853 composite?
True
Is 36744581 prime?
True
Is 156208134227 a composite number?
True
Is 1493226287 a composite number?
True
Is 1591871087 a prime number?
False
Is 15374248237 a composite number?
False
Is 399265003 a prime number?
True
Is 1257847133 a composite number?
False
Is 2461001119 composite?
True
Is 985285363 composite?
False
Is 2632347409 prime?
True
Is 2220949319 a prime number?
False
Is 1077013843 a composite number?
False
Is 1007855189 a composite number?
True
Is 662045609 a composite number?
True
Is 1964946173 a composite number?
True
Is 583254731 composite?
False
Is 45572722367 a prime number?
True
Is 11814552641 a prime number?
True
Is 267748111 composite?
False
Is 5820903994 composite?
True
Is 3024196577 prime?
True
Is 113451069 a prime number?
False
Is 2575813421 prime?
True
Is 46731707911 composite?
True
Is 41422968823 prime?
True
Is 154676153 prime?
True
Is 937207709 composite?
False
Is 219821143 composite?
True
Is 6164598731 a prime number?
False
Is 45232919 a prime number?
True
Is 1265901293 a composite number?
True
Is 19414200679 a composite number?
False
Is 387102761 a prime number?
True
Is 2206751347 a prime number?
True
Is 35035093649 a composite number?
False
Is 883754177 a composite number?
True
Is 615997427 composite?
False
Is 7482808199 composite?
False
Is 257454322 a prime number?
False
Is 48180303953 a prime number?
True
Is 69050543 composite?
False
Is 631547333 composite?
False
Is 10949204417 prime?
False
Is 870873587 a composite number?
True
Is 608173799 a prime number?
False
Is 1477329719 a composite number?
False
Is 937407629 prime?
False
Is 16047873533 prime?
True
Is 3603060737 a composite number?
True
Is 7918217669 a composite number?
True
Is 2961498671 a composite number?
True
Is 23017216867 a composite number?
True
Is 1539683779 a prime number?
False
Is 154661459 a prime number?
True
Is 5653408247 a composite number?
False
Is 3604203947 a prime number?
True
Is 9292365683 prime?
True
Is 1397138587 a composite number?
True
Is 719567819 a composite number?
False
Is 474375677 a prime number?
True
Is 1171524439 a composite number?
True
Is 267395238065 a prime number?
False
Is 798581991 a prime number?
False
Is 5358681707 a prime number?
False
Is 31298131474 prime?
False
Is 20963038 a composite number?
True
Is 3954262783 a composite number?
True
Is 1082730721 prime?
True
Is 6327241847 prime?
False
Is 29458081 prime?
False
Is 368577679 prime?
True
Is 131772166177 a prime number?
True
Is 7285525669 a composite number?
True
Is 721619243 composite?
True
Is 22984192291 composite?
False
Is 70984128029 a prime number?
False
Is 18435359291 composite?
True
Is 456637817 composite?
True
Is 462950503 composite?
True
Is 4455507139 composite?
True
Is 8198271313 a composite number?
True
Is 27784134921 prime?
False
Is 1816368773 a composite number?
True
Is 1033308167 a composite number?
True
Is 2039165741 a prime number?
True
Is 14630448463 a composite num